46. Let p be 4/(-14) - w/35. What is the tens digit of -4 + p + 49 - 0?
5
Suppose 261*b = 217*b + 225016. What is the thousands digit of b?
5
Suppose 0 = 4*c - 7*c. Suppose z - 39 = -5*q, -5*z + q + 65 = -0*q. Suppose c = x + 13 - z. What is the units digit of x?
1
Suppose -43656 - 81896 = -38*x. What is the tens digit of x?
0
Let p = -86 - -213. Suppose -6*d + p = -317. What is the tens digit of d?
7
Let p(n) be the third derivative of 31*n**4/6 - 35*n**3/6 + n**2 - 12. What is the tens digit of p(5)?
8
Suppose -1464 = -v - 4*z, 2*v - 3*v + 4*z = -1512. What is the tens digit of v?
8
Let d(c) = -2*c**3 - 27*c**2 - 29*c - 23. What is the hundreds digit of d(-13)?
1
Let x be (6818/28)/(1/(-6)). Let h = -637 - x. What is the units digit of h?
4
Suppose 0 = -2275*t + 2270*t - 4*p + 222298, -t = -2*p - 44454. What is the thousands digit of t?
4
Suppose -2*a + 7 = u, 3*u = -3*a - u + 13. Suppose -4*d - 2*v + 5 = -a, -2*v = 2*d - 8. Suppose d = 11*b - 12*b + 72. What is the units digit of b?
2
Let z = 4753 + 3053. What is the tens digit of z?
0
Let i(r) be the second derivative of r**5/20 - 5*r**4/6 - 13*r**3/6 - 8*r**2 - 24*r - 1. What is the tens digit of i(14)?
8
Let a(s) = 6*s**2. Let y be a(-1). Let n(i) = 4 - i - y*i - i**2 - 19 - 14*i. What is the tens digit of n(-14)?
8
Suppose -2*j + 4*q + 224 = 0, q - 6*q = -j + 121. Suppose g = -5*t + 11 + 10, 2*t = 4*g - j. What is the units digit of g?
6
Let h(p) = 261*p**2 + 295*p + 25. What is the units digit of h(12)?
9
Let a(b) = b**3 - 9*b**2 + 19*b + 4. Let p be a(4). Suppose -2 = 2*w, p = -3*q + 6*q - 5*w - 98. What is the tens digit of q?
3
Let j(l) = 4*l**2 - 8*l + 20. Let y be j(-10). Let g be 1/(y/(-124) + 4). What is the hundreds digit of (-12)/(2 - g/(-15))?
1
Suppose -1346*t - 437570 = -1384*t. What is the hundreds digit of t?
5
What is the units digit of (-1058)/((0 + 4/8)/(1/(-4)))?
9
Let c be 0/(-2)*13/(-26). Suppose w + 10 - 10 = c. What is the tens digit of ((-1)/(-2) - w)*92?
4
Let n(x) = -2*x**2 - 30*x - 78. Let p be n(-11). Suppose p*m = 4*m + 1584. What is the hundreds digit of m?
2
Suppose 40*q - 506668 = -9*q - 92765. What is the tens digit of q?
4
Let t(r) = -414*r - 12. What is the tens digit of t(-2)?
1
Suppose -5*i + 24 = 29. Let q be (2 - i)/(-4 - (-1125)/281). Suppose 17*k - 4158 + q = 0. What is the tens digit of k?
9
Let o(h) = -h**3 + 27*h**2 - h + 20. Let b be o(27). Let r be 1*3 + (b - -8). Suppose r*v - 19 = 505. What is the tens digit of v?
3
Let a(u) = 90 - 14*u**2 - u + 3*u + 10*u**2 + 0*u. Let l be a(0). Let k = l - -162. What is the units digit of k?
2
Let c(t) be the second derivative of 11*t**4/12 + 7*t**3/6 + 23*t**2/2 + 6*t + 4. What is the units digit of c(-6)?
7
Let j be 18*(497/(-21) - -5). Let k = j + 403. What is the tens digit of k?
6
Let r(w) = -w**3 + 17*w**2 - 13*w + 16. Let f be r(16). Suppose 0 = -y + p + f, 231 = 4*y - 4*p + 5*p. Suppose -y - 79 = -2*u. What is the tens digit of u?
6
Suppose 0 = 4*l - q + 52, 1 = q - 3. What is the thousands digit of 1841 - (0/1)/(l - -10)?
1
Let x(w) = 3*w + 16. Let q(o) = -o - 8. Let p(f) = 5*q(f) + 2*x(f). Let l be p(16). What is the units digit of l/14*91/26?
2
Let z(n) = -34*n - 2. Suppose 0 = -p + 2*x - 10, -7 - 3 = -5*p - 2*x. Suppose p = 3*c + 3*b + 15, 0*b = -5*c + 2*b - 25. What is the tens digit of z(c)?
6
Suppose 0 = -2*c - 2*c - 5*r + 45215, 2*c = -5*r + 22605. What is the tens digit of c?
0
Suppose -2*n = 5*f - 1 - 1, -3*n = -2*f - 22. Let p(u) = -u + 10. Let g be p(n). Suppose 3*c = 3*l + 108 - 18, g*c + 3*l = 127. What is the tens digit of c?
3
Let r be (-12)/66*-11 - (-2)/2. Suppose 34*w = 30*w + 4*s + 376, 282 = r*w - s. What is the tens digit of w?
9
Suppose -2*s + 26834 = -2*t, 54*s = 53*s + 3*t + 13413. What is the hundreds digit of s?
4
Suppose -5*l - 16 = 3*l. Let f(k) = -47*k - 6. What is the tens digit of f(l)?
8
Let c(h) = h**2 - 76*h - 29 - 42 + 99*h + 17. Let m be c(-25). What is the tens digit of 144 - (m - -4)*(-3)/(-9)?
4
Let h = 105184 + -73825. What is the ten thousands digit of h?
3
Let b(n) = 9*n**2 - 6*n - 35. Let v be b(24). What is the hundreds digit of 1/(-2)*(v/(-7) + -9)?
3
Let c(j) = 2*j + 14*j**2 - 4*j**2 - 8*j**2 - 3 - 4*j. Let v be c(-2). Let m = v - -66. What is the tens digit of m?
7
Suppose -19*t = -23*t + 3*h + 43044, t = 2*h + 10766. What is the thousands digit of t?
0
Let f(g) be the first derivative of 46*g**2 + 17*g - 1. Suppose 78*k + 34 = 95*k. What is the hundreds digit of f(k)?
2
Suppose n + o = 1080, -4*n = o - 6*o - 4329. Let b = n - 640. What is the units digit of b?
1
Let z be (-2)/8 + (-17)/(-4). Let s be 176/72 - 8/18. Suppose 0 = -s*h - 4*f + 258 - 78, -z*h = -5*f - 360. What is the tens digit of h?
9
Let a(c) be the third derivative of -c**4/24 + 39*c**3/2 + 70*c**2. What is the units digit of a(7)?
0
What is the thousands digit of ((38724/2)/2)/((-1)/(-5)*5)?
9
Let l = 716 + -413. Let v = -238 + l. What is the tens digit of v?
6
Let p = 8 - 13. Let w(m) be the second derivative of m**4/3 - 5*m**3/6 + 8*m**2 + 36*m. What is the hundreds digit of w(p)?
1
Let o = 33 - -43. Let x(d) = -5*d + 19. Let r be x(3). Suppose b = 2*s + o, r*b + 278 = 7*b + 4*s. What is the tens digit of b?
8
Let a(x) = -104*x + 11. Let v be a(3). Let q = v + 570. What is the tens digit of q?
6
Let c(u) = -24*u - 7 - 2*u**2 + 13*u**2 + 25*u. What is the tens digit of c(-6)?
8
Let p(f) = -15714*f**3 - 5*f**2 + 5*f + 8. What is the units digit of p(-1)?
2
Let u(l) = -4*l - 38. Suppose k = 4*f + 86, -2 = -2*k + 2. What is the units digit of u(f)?
6
Let r be (17*-35)/(-5) + 4. Let z = -30 - r. Let g = z + 242. What is the units digit of g?
9
Let m(o) = 72*o**2 + 40*o - 162. What is the units digit of m(7)?
6
Let p(m) = -15*m + 27. Let j(i) = 2*i**2 - 33*i + 6. Let g(n) = 2*n**3 - 27*n**2 - 15*n + 30. Let v be g(14). Let c be j(v). What is the units digit of p(c)?
7
Let k = -155 - -161. Suppose -12*b + 828 = k*b. What is the tens digit of b?
4
Let k(i) = -7*i**2 + 24*i - 34. Let v(c) = -9*c**2 + 26*c - 33. Let g(u) = 4*k(u) - 3*v(u). What is the units digit of g(10)?
3
What is the hundreds digit of 5084469/189 - -14 - (-2)/42?
9
Suppose -126 = 7*t - 672. Suppose a - t = -66. Suppose -a = -3*r, q + 3*r - 16 - 7 = 0. What is the units digit of q?
1
Let t(a) = -a**3 + 18*a**2 - 15*a + 37. Let p(s) = -s**3 + 9*s**2 - 6*s - 6. Let f be p(9). Let v = -43 - f. What is the units digit of t(v)?
1
Suppose 0 = 37*j + 13843 + 58011. Let v = j - -3322. What is the tens digit of v?
8
Suppose 0 = -4*z + 3*z + 42. Let k(s) = -s**2 + 45*s + 90. What is the hundreds digit of k(z)?
2
Let o(p) = 2225*p + 2072. What is the tens digit of o(6)?
2
Let i = -28555 + 18263. What is the units digit of i/(-26) + (-22)/(-143)?
6
Suppose 4*p - 2 = d, 0 = 10*d - 8*d + 3*p - 18. Suppose 0 = -2*a - d*a + 32. Suppose r = 3, 5*i + a*r - r - 14 = 0. What is the units digit of i?
1
Suppose -3*j + 3*h + 197 = 2*j, 5*h = 4*j - 155. Let u = j - 32. What is the tens digit of 1/(u/(-20)*2/(-12))?
1
Let p = -179583 + 252482. What is the ten thousands digit of p?
7
Let l = 15 - 24. Let u be 6 + l - (-2 - 5). What is the units digit of (14/21*-3)/(u/(-62))?
1
Let c = 45012 - 27415. What is the ten thousands digit of c?
1
Suppose -13*w + 44 - 18 = 0. What is the tens digit of (-1287)/55*(-20)/w?
3
Let b be (3/4)/((-1)/(-4)). Suppose 3*o - 3 - 9 = k, -k - b = 0. Suppose r + o*t - 44 = 203, -5*r + t + 1187 = 0. What is the tens digit of r?
3
Suppose 20*r - 2140 = -1960. Let o = -9 - -6. What is the tens digit of ((465/r)/(-5))/(1/o)?
3
Let o be -2764*((-30)/(-24) + -1). Let a = o - -1254. What is the hundreds digit of a?
5
Let k = 135 - 131. Suppose k*j = -u + 355, 0 = u - 3*j - 235 - 141. What is the tens digit of u?
6
Suppose -37900*d + 5343540 = -37826*d. What is the thousands digit of d?
2
Let u be (-1 - 0)/((-2)/212). Suppose -3*x + 261 = -3*p, -1232 - 237 = 16*p - 5*x. Let c = p + u. What is the units digit of c?
2
Let t be 20/(-5)*(-13)/4. Let v = 19 - t. What is the units digit of ((28/12)/(-1))/((-2)/v)?
7
Let y be ((-32)/(-20))/((-4)/(-10)). Let p be -3*(-2)/6*0. Suppose y*j - j - 276 = p. What is the units digit of j?
2
Suppose 3*i - 23765 = 3*k - 4832, 0 = 3*i - 2*k - 18937. What is the tens digit of i?
1
Let q = 